{"id":44,"date":"2026-01-19T06:43:27","date_gmt":"2026-01-19T06:43:27","guid":{"rendered":"https:\/\/elastiqre.com\/?page_id=44"},"modified":"2026-01-26T11:13:48","modified_gmt":"2026-01-26T11:13:48","slug":"iletisim","status":"publish","type":"page","link":"https:\/\/elastiqre.com\/index.php\/iletisim\/","title":{"rendered":"\u0130leti\u015fim"},"content":{"rendered":"\t\t<div data-elementor-type=\"wp-page\" data-elementor-id=\"44\" class=\"elementor elementor-44\" data-elementor-post-type=\"page\">\n\t\t\t\t<div class=\"elementor-element elementor-element-12decee e-con-full e-flex e-con e-parent\" data-id=\"12decee\" data-element_type=\"container\">\n\t\t\t\t<div class=\"elementor-element elementor-element-d1b7663 elementor-widget elementor-widget-html\" data-id=\"d1b7663\" data-element_type=\"widget\" data-widget_type=\"html.default\">\n\t\t\t\t\t<iframe src=\"https:\/\/www.google.com\/maps\/embed?pb=!1m18!1m12!1m3!1d3002.964659676844!2d31.38510637643159!3d41.17893800889836!2m3!1f0!2f0!3f0!3m2!1i1024!2i768!4f13.1!3m3!1m2!1s0x409c51c29d656545%3A0x177ecb5f8dbc5b81!2zTWVya2V6LCBIw7xrw7xtZXQgQ2QuIE5vOjc0LzExIEthdDozLCA2Nzg1MCBBbGFwbMSxL1pvbmd1bGRhaw!5e0!3m2!1str!2str!4v1769425997743!5m2!1str!2str\" width=\"600\" height=\"350\" style=\"border:0;\" allowfullscreen=\"\" loading=\"lazy\" referrerpolicy=\"no-referrer-when-downgrade\"><\/iframe>\t\t\t\t<\/div>\n\t\t\t\t<\/div>\n\t\t<div class=\"elementor-element elementor-element-9048f1e e-flex e-con-boxed e-con e-parent\" data-id=\"9048f1e\" data-element_type=\"container\">\n\t\t\t\t\t<div class=\"e-con-inner\">\n\t\t<div class=\"elementor-element elementor-element-2bdf2e3 e-con-full e-flex e-con e-child\" data-id=\"2bdf2e3\" data-element_type=\"container\">\n\t\t\t\t<div class=\"elementor-element elementor-element-89e3231 elementor-widget elementor-widget-heading\" data-id=\"89e3231\" data-element_type=\"widget\" data-widget_type=\"heading.default\">\n\t\t\t\t\t<h2 class=\"elementor-heading-title elementor-size-default\">\u0130leti\u015fim Bilgileri<\/h2>\t\t\t\t<\/div>\n\t\t\t\t<div class=\"elementor-element elementor-element-7c45b34 elementor-widget elementor-widget-text-editor\" data-id=\"7c45b34\" data-element_type=\"widget\" data-widget_type=\"text-editor.default\">\n\t\t\t\t\t\t\t\t\t<p data-start=\"282\" data-end=\"349\"><strong data-start=\"282\" data-end=\"298\">Firma \u00dcnvan\u0131<\/strong><br data-start=\"298\" data-end=\"301\" \/>Folium \u0130la\u00e7 Kozmetik Medikal Tic. San. Ltd. \u015eti.<\/p><p data-start=\"351\" data-end=\"434\"><strong data-start=\"351\" data-end=\"366\">Merkez Ofis<\/strong><br data-start=\"366\" data-end=\"369\" \/>Merkez Mahallesi H\u00fck\u00fcmet Caddesi No:74 Kat:3<br data-start=\"413\" data-end=\"416\" \/>Alapl\u0131 \/ ZONGULDAK<\/p><p data-start=\"436\" data-end=\"467\"><strong data-start=\"436\" data-end=\"447\">Telefon<\/strong><br data-start=\"447\" data-end=\"450\" \/>0 (537) 036 51 40<\/p>\t\t\t\t\t\t\t\t<\/div>\n\t\t\t\t<\/div>\n\t\t<div class=\"elementor-element elementor-element-3dfcbd8 e-con-full e-flex e-con e-child\" data-id=\"3dfcbd8\" data-element_type=\"container\">\n\t\t\t\t<div class=\"elementor-element elementor-element-dad9fcb elementor-button-align-stretch elementor-widget elementor-widget-form\" data-id=\"dad9fcb\" data-element_type=\"widget\" data-settings=\"{&quot;step_next_label&quot;:&quot;Next&quot;,&quot;step_previous_label&quot;:&quot;Previous&quot;,&quot;button_width&quot;:&quot;100&quot;,&quot;step_type&quot;:&quot;number_text&quot;,&quot;step_icon_shape&quot;:&quot;circle&quot;}\" data-widget_type=\"form.default\">\n\t\t\t\t\t\t\t<form class=\"elementor-form\" method=\"post\" name=\"New Form\" aria-label=\"New Form\">\n\t\t\t<input type=\"hidden\" name=\"post_id\" value=\"44\"\/>\n\t\t\t<input type=\"hidden\" name=\"form_id\" value=\"dad9fcb\"\/>\n\t\t\t<input type=\"hidden\" name=\"referer_title\" value=\"\" \/>\n\n\t\t\t\n\t\t\t<div class=\"elementor-form-fields-wrapper elementor-labels-above\">\n\t\t\t\t\t\t\t\t<div class=\"elementor-field-type-text elementor-field-group elementor-column elementor-field-group-name elementor-col-100\">\n\t\t\t\t\t\t\t\t\t\t\t\t<label for=\"form-field-name\" class=\"elementor-field-label\">\n\t\t\t\t\t\t\t\tAd\u0131n\u0131z\t\t\t\t\t\t\t<\/label>\n\t\t\t\t\t\t\t\t\t\t\t\t\t\t<input size=\"1\" type=\"text\" name=\"form_fields[name]\" id=\"form-field-name\" class=\"elementor-field elementor-size-sm  elementor-field-textual\" placeholder=\"Ad\u0131n\u0131z\">\n\t\t\t\t\t\t\t\t\t\t\t<\/div>\n\t\t\t\t\t\t\t\t<div class=\"elementor-field-type-email elementor-field-group elementor-column elementor-field-group-email elementor-col-100 elementor-field-required\">\n\t\t\t\t\t\t\t\t\t\t\t\t<label for=\"form-field-email\" class=\"elementor-field-label\">\n\t\t\t\t\t\t\t\tEmail\t\t\t\t\t\t\t<\/label>\n\t\t\t\t\t\t\t\t\t\t\t\t\t\t<input size=\"1\" type=\"email\" name=\"form_fields[email]\" id=\"form-field-email\" class=\"elementor-field elementor-size-sm  elementor-field-textual\" placeholder=\"Email\" required=\"required\">\n\t\t\t\t\t\t\t\t\t\t\t<\/div>\n\t\t\t\t\t\t\t\t<div class=\"elementor-field-type-textarea elementor-field-group elementor-column elementor-field-group-message elementor-col-100\">\n\t\t\t\t\t\t\t\t\t\t\t\t<label for=\"form-field-message\" class=\"elementor-field-label\">\n\t\t\t\t\t\t\t\tMesaj\u0131n\u0131z\t\t\t\t\t\t\t<\/label>\n\t\t\t\t\t\t<textarea class=\"elementor-field-textual elementor-field  elementor-size-sm\" name=\"form_fields[message]\" id=\"form-field-message\" rows=\"4\" placeholder=\"Mesaj\u0131n\u0131z\"><\/textarea>\t\t\t\t<\/div>\n\t\t\t\t\t\t\t\t<div class=\"elementor-field-group elementor-column elementor-field-type-submit elementor-col-100 e-form__buttons\">\n\t\t\t\t\t<button class=\"elementor-button elementor-size-sm\" type=\"submit\">\n\t\t\t\t\t\t<span class=\"elementor-button-content-wrapper\">\n\t\t\t\t\t\t\t\t\t\t\t\t\t\t\t\t\t\t\t\t\t\t<span class=\"elementor-button-text\">G\u00f6nder<\/span>\n\t\t\t\t\t\t\t\t\t\t\t\t\t<\/span>\n\t\t\t\t\t<\/button>\n\t\t\t\t<\/div>\n\t\t\t<\/div>\n\t\t<\/form>\n\t\t\t\t\t\t<\/div>\n\t\t\t\t<\/div>\n\t\t\t\t\t<\/div>\n\t\t\t\t<\/div>\n\t\t\t\t<\/div>\n\t\t","protected":false},"excerpt":{"rendered":"<p>\u0130leti\u015fim Bilgileri Firma \u00dcnvan\u0131Folium \u0130la\u00e7 Kozmetik Medikal Tic. San. Ltd. \u015eti. Merkez OfisMerkez Mahallesi H\u00fck\u00fcmet Caddesi No:74 Kat:3Alapl\u0131 \/ ZONGULDAK Telefon0 (537) 036 51 40<\/p>\n","protected":false},"author":1,"featured_media":0,"parent":0,"menu_order":0,"comment_status":"closed","ping_status":"closed","template":"","meta":{"footnotes":""},"class_list":["post-44","page","type-page","status-publish","hentry"],"_links":{"self":[{"href":"https:\/\/elastiqre.com\/index.php\/wp-json\/wp\/v2\/pages\/44","targetHints":{"allow":["GET"]}}],"collection":[{"href":"https:\/\/elastiqre.com\/index.php\/wp-json\/wp\/v2\/pages"}],"about":[{"href":"https:\/\/elastiqre.com\/index.php\/wp-json\/wp\/v2\/types\/page"}],"author":[{"embeddable":true,"href":"https:\/\/elastiqre.com\/index.php\/wp-json\/wp\/v2\/users\/1"}],"replies":[{"embeddable":true,"href":"https:\/\/elastiqre.com\/index.php\/wp-json\/wp\/v2\/comments?post=44"}],"version-history":[{"count":4,"href":"https:\/\/elastiqre.com\/index.php\/wp-json\/wp\/v2\/pages\/44\/revisions"}],"predecessor-version":[{"id":190,"href":"https:\/\/elastiqre.com\/index.php\/wp-json\/wp\/v2\/pages\/44\/revisions\/190"}],"wp:attachment":[{"href":"https:\/\/elastiqre.com\/index.php\/wp-json\/wp\/v2\/media?parent=44"}],"curies":[{"name":"wp","href":"https:\/\/api.w.org\/{rel}","templated":true}]}}